{"id":6865,"date":"2026-02-09T15:10:44","date_gmt":"2026-02-09T13:10:44","guid":{"rendered":"https:\/\/mnir.ro\/shop\/?post_type=product&#038;p=6865"},"modified":"2026-02-09T15:10:44","modified_gmt":"2026-02-09T13:10:44","slug":"capodopere-din-patrimoniul-muzeului-national-de-istorie-a-romaniei-2025-masterpieces-from-the-collection-of-the-national-history-museum-of-romania-2025","status":"publish","type":"product","link":"https:\/\/mnir.ro\/shop\/index.php\/produs\/capodopere-din-patrimoniul-muzeului-national-de-istorie-a-romaniei-2025-masterpieces-from-the-collection-of-the-national-history-museum-of-romania-2025\/","title":{"rendered":"Capodopere din patrimoniul Muzeului Na\u021bional de Istorie a Rom\u00e2niei, 2025\/ Masterpieces from the collection of the National History Museum of Romania 2025"},"content":{"rendered":"<p>Volumul dedicat capodoperelor din patrimoniul Muzeului Na\u021bional de Istorie a Rom\u00e2niei din 2025 cuprinde unsprezece articole dedicate patrimoniului excep\u021bional al muzeului. Din preistorie \u0219i p\u00e2n\u0103 \u00een perioada interbelic\u0103, capodoperele prezentate \u00een acest an demonstreaz\u0103 valoarea patrimoniului \u0219i \u00een egal\u0103 m\u0103sura acribia speciali\u0219tilor care \u00eel cerceteaz\u0103. Andreea B\u00eerzu \u0219i Katia Moldoveanu au studiat \u0219i prezentat <em>G\u00e2nditorul cu ochi de sticl\u0103 de la Vit\u0103ne\u0219ti<\/em>; Ginel Laz\u0103r, <em>Hrisovul lui Radu Mihnea<\/em>; Andreea \u0218tefan, <em>Carte despre \u00eendatoriri,<\/em> c<em>apodopera primului domnitor fanariot; <\/em>Roxana P\u0103tra\u0219cu, <em>Portretul Mari\u021bic\u0103i Bibescu; <\/em>Cristina Antonie, <em>Cap de bour. Un simbol na\u021bional cu menire practic\u0103<\/em>; Beatrice Negoi\u021b\u0103, <em>O depe\u0219\u0103 telegrafic\u0103 din Moldova anului 1860<\/em>; Oana Ilie, <em>Podul de la Cernavod\u0103 \u00een colec\u021biile MNIR; <\/em>Cristina P\u0103iu\u0219an, <em>Colec\u021bia Carmen-Petra Basacopol \u0219i port-\u021bigaretul cu monograma regelui Carol I<\/em>; Cornel-Constantin Ilie, <em>Rochia \u0219i mantaua principesei Maria; <\/em>Marius Gabriel Neculae \u0219i Tudor-Alexandru Martin, <em>Leul de h\u00e2rtie <\/em>\u0219i Alexandra M\u0103r\u0103\u0219oiu, <em>Povestea unei iubiri. Caietul intim al Reginei Maria<\/em>.<\/p>\n","protected":false},"excerpt":{"rendered":"<p>Volumul dedicat capodoperelor din patrimoniul Muzeului Na\u021bional de Istorie a Rom\u00e2niei din 2025 cuprinde unsprezece articole dedicate patrimoniului excep\u021bional al muzeului. Din preistorie \u0219i p\u00e2n\u0103 \u00een perioada interbelic\u0103, capodoperele prezentate&#8230;<\/p>\n","protected":false},"featured_media":6866,"template":"","meta":[],"product_brand":[],"product_cat":[123],"product_tag":[],"class_list":{"0":"post-6865","1":"product","2":"type-product","3":"status-publish","4":"has-post-thumbnail","6":"product_cat-catalog-de-colectie","8":"first","9":"instock","10":"shipping-taxable","11":"purchasable","12":"product-type-simple"},"_links":{"self":[{"href":"https:\/\/mnir.ro\/shop\/index.php\/wp-json\/wp\/v2\/product\/6865","targetHints":{"allow":["GET"]}}],"collection":[{"href":"https:\/\/mnir.ro\/shop\/index.php\/wp-json\/wp\/v2\/product"}],"about":[{"href":"https:\/\/mnir.ro\/shop\/index.php\/wp-json\/wp\/v2\/types\/product"}],"wp:featuredmedia":[{"embeddable":true,"href":"https:\/\/mnir.ro\/shop\/index.php\/wp-json\/wp\/v2\/media\/6866"}],"wp:attachment":[{"href":"https:\/\/mnir.ro\/shop\/index.php\/wp-json\/wp\/v2\/media?parent=6865"}],"wp:term":[{"taxonomy":"product_brand","embeddable":true,"href":"https:\/\/mnir.ro\/shop\/index.php\/wp-json\/wp\/v2\/product_brand?post=6865"},{"taxonomy":"product_cat","embeddable":true,"href":"https:\/\/mnir.ro\/shop\/index.php\/wp-json\/wp\/v2\/product_cat?post=6865"},{"taxonomy":"product_tag","embeddable":true,"href":"https:\/\/mnir.ro\/shop\/index.php\/wp-json\/wp\/v2\/product_tag?post=6865"}],"curies":[{"name":"wp","href":"https:\/\/api.w.org\/{rel}","templated":true}]}}