{"id":6863,"date":"2026-02-06T14:41:37","date_gmt":"2026-02-06T12:41:37","guid":{"rendered":"https:\/\/mnir.ro\/shop\/?post_type=product&#038;p=6863"},"modified":"2026-02-06T14:41:37","modified_gmt":"2026-02-06T12:41:37","slug":"revista-muzeul-national-nr-37-2025","status":"publish","type":"product","link":"https:\/\/mnir.ro\/shop\/index.php\/produs\/revista-muzeul-national-nr-37-2025\/","title":{"rendered":"Revista \u201eMuzeul Na\u021bional\u201d nr. 37\/2025"},"content":{"rendered":"<p>Num\u0103rul 37 al revistei \u201eMuzeul Na\u021bional\u201d \u00a0cuprinde studii, articole \u0219i recenzii care pun \u00een valoarea patrimoniul muzeal na\u021bional, precum \u0219i studii ce analizeaz\u0103 patrimoniul interna\u021bional.<\/p>\n<p>Revista acoper\u0103 o tematic\u0103 larg\u0103, de la Evul Mediu, p\u00e2n\u0103 la istoria recent\u0103. Printre articolele publicate, men\u021bion\u0103m c\u00e2teva: dr. Daniel Dieaconu, <em>Bucovina sub st\u0103p\u00e2nire habsburgic\u0103<\/em>, al\u0103turi de cercet\u0103rile f\u0103cute de Erica-Valentina Ioj\u0103 \u0219i George Trohani, <em>Portretul unui ofi\u021ber moldovean. Comentarii asupra unei posibile noi lucr\u0103ri asimilabile operei lui Niccolo Livaditi (1804-1858) <\/em>\u0219i ale Christinei \u0218tirbulescu \u0219i Rodic\u0103i Oan\u021b\u0103-Marghitu, <em>From royal gift to museum exhibit: a silver candelabrum under shifting regimes. <\/em>Interviul realizat de c\u0103tre dr. Narcis-Dorin Ion cu Sandra T\u0103t\u0103rescu-Negropontes aduce informa\u021bii inedite despre familia T\u0103t\u0103rescu, iar studiul colegei de la Academia Bulgar\u0103 de \u0218tiin\u021be, Aneta Milaylova, <em>Trecutul care nu trece. Situa\u021bia monumentelor dedicate celui de-al Doilea R\u0103zboi Mondial \u00een Bulgaria post-comunist\u0103 <\/em>analizeaz\u0103 modul \u00een care este perceput\u0103 istoria conflagra\u021biei mondiale \u00een Bulgaria de ast\u0103zi.<\/p>\n","protected":false},"excerpt":{"rendered":"<p>Num\u0103rul 37 al revistei \u201eMuzeul Na\u021bional\u201d \u00a0cuprinde studii, articole \u0219i recenzii care pun \u00een valoarea patrimoniul muzeal na\u021bional, precum \u0219i studii ce analizeaz\u0103 patrimoniul interna\u021bional. Revista acoper\u0103 o tematic\u0103 larg\u0103,&#8230;<\/p>\n","protected":false},"featured_media":6864,"template":"","meta":[],"product_brand":[],"product_cat":[125],"product_tag":[],"class_list":{"0":"post-6863","1":"product","2":"type-product","3":"status-publish","4":"has-post-thumbnail","6":"product_cat-anuar","8":"first","9":"instock","10":"shipping-taxable","11":"purchasable","12":"product-type-simple"},"_links":{"self":[{"href":"https:\/\/mnir.ro\/shop\/index.php\/wp-json\/wp\/v2\/product\/6863","targetHints":{"allow":["GET"]}}],"collection":[{"href":"https:\/\/mnir.ro\/shop\/index.php\/wp-json\/wp\/v2\/product"}],"about":[{"href":"https:\/\/mnir.ro\/shop\/index.php\/wp-json\/wp\/v2\/types\/product"}],"wp:featuredmedia":[{"embeddable":true,"href":"https:\/\/mnir.ro\/shop\/index.php\/wp-json\/wp\/v2\/media\/6864"}],"wp:attachment":[{"href":"https:\/\/mnir.ro\/shop\/index.php\/wp-json\/wp\/v2\/media?parent=6863"}],"wp:term":[{"taxonomy":"product_brand","embeddable":true,"href":"https:\/\/mnir.ro\/shop\/index.php\/wp-json\/wp\/v2\/product_brand?post=6863"},{"taxonomy":"product_cat","embeddable":true,"href":"https:\/\/mnir.ro\/shop\/index.php\/wp-json\/wp\/v2\/product_cat?post=6863"},{"taxonomy":"product_tag","embeddable":true,"href":"https:\/\/mnir.ro\/shop\/index.php\/wp-json\/wp\/v2\/product_tag?post=6863"}],"curies":[{"name":"wp","href":"https:\/\/api.w.org\/{rel}","templated":true}]}}