{"id":6751,"date":"2025-08-20T13:18:21","date_gmt":"2025-08-20T10:18:21","guid":{"rendered":"https:\/\/mnir.ro\/shop\/?post_type=product&#038;p=6751"},"modified":"2025-08-20T13:59:55","modified_gmt":"2025-08-20T10:59:55","slug":"ceramica-sudista-din-romania-secolele-xix-xxi","status":"publish","type":"product","link":"https:\/\/mnir.ro\/shop\/index.php\/produs\/ceramica-sudista-din-romania-secolele-xix-xxi\/","title":{"rendered":"Ceramica sudist\u0103 din Rom\u00e2nia (secolele XIX-XXI)"},"content":{"rendered":"<p>Catalogul expozi\u021biei omonime prezint\u0103 piese ceramice din secolul al XIX-lea \u0219i p\u00e2n\u0103 \u00een prezent, specifice centrelor me\u0219te\u0219ug\u0103re\u0219ti din Oltenia \u0219i Muntenia. Din zona Olteniei, cu excep\u021bia jude\u021bului Dolj, reg\u0103sim ceramic\u0103 popular\u0103 tradi\u021bional\u0103, iar din zona Munteniei, piese din jude\u021bele Arge\u0219, D\u00e2mbovi\u021ba, Prahova, Buz\u0103u, Ilfov \u0219i municipiul Bucure\u0219ti. Pe l\u00e2ng\u0103 ceramica tradi\u021bional\u0103, mai pute\u021bi reg\u0103si \u0219i ceramica cult\u0103, dar \u0219i c\u00e2teva piese care reprezint\u0103 cultul personalit\u0103\u021bii familiei Ceau\u0219escu, din perioada comunist\u0103.<\/p>\n","protected":false},"excerpt":{"rendered":"<p>Catalogul expozi\u021biei omonime prezint\u0103 piese ceramice din secolul al XIX-lea \u0219i p\u00e2n\u0103 \u00een prezent, specifice centrelor me\u0219te\u0219ug\u0103re\u0219ti din Oltenia \u0219i Muntenia. Din zona Olteniei, cu excep\u021bia jude\u021bului Dolj, reg\u0103sim ceramic\u0103&#8230;<\/p>\n","protected":false},"featured_media":6752,"template":"","meta":[],"product_brand":[],"product_cat":[27],"product_tag":[],"class_list":{"0":"post-6751","1":"product","2":"type-product","3":"status-publish","4":"has-post-thumbnail","6":"product_cat-catalog-expozitie","8":"first","9":"instock","10":"shipping-taxable","11":"purchasable","12":"product-type-simple"},"_links":{"self":[{"href":"https:\/\/mnir.ro\/shop\/index.php\/wp-json\/wp\/v2\/product\/6751","targetHints":{"allow":["GET"]}}],"collection":[{"href":"https:\/\/mnir.ro\/shop\/index.php\/wp-json\/wp\/v2\/product"}],"about":[{"href":"https:\/\/mnir.ro\/shop\/index.php\/wp-json\/wp\/v2\/types\/product"}],"wp:featuredmedia":[{"embeddable":true,"href":"https:\/\/mnir.ro\/shop\/index.php\/wp-json\/wp\/v2\/media\/6752"}],"wp:attachment":[{"href":"https:\/\/mnir.ro\/shop\/index.php\/wp-json\/wp\/v2\/media?parent=6751"}],"wp:term":[{"taxonomy":"product_brand","embeddable":true,"href":"https:\/\/mnir.ro\/shop\/index.php\/wp-json\/wp\/v2\/product_brand?post=6751"},{"taxonomy":"product_cat","embeddable":true,"href":"https:\/\/mnir.ro\/shop\/index.php\/wp-json\/wp\/v2\/product_cat?post=6751"},{"taxonomy":"product_tag","embeddable":true,"href":"https:\/\/mnir.ro\/shop\/index.php\/wp-json\/wp\/v2\/product_tag?post=6751"}],"curies":[{"name":"wp","href":"https:\/\/api.w.org\/{rel}","templated":true}]}}