{"id":6505,"date":"2025-02-04T11:33:14","date_gmt":"2025-02-04T09:33:14","guid":{"rendered":"https:\/\/mnir.ro\/shop\/?post_type=product&#038;p=6505"},"modified":"2025-02-04T11:35:01","modified_gmt":"2025-02-04T09:35:01","slug":"corina-chiriac-istoriile-unei-mari-artiste","status":"publish","type":"product","link":"https:\/\/mnir.ro\/shop\/index.php\/produs\/corina-chiriac-istoriile-unei-mari-artiste\/","title":{"rendered":"Corina Chiriac, istoriile unei mari artiste"},"content":{"rendered":"<p>\u201eCorina Chiriac, istoriile unei mari artiste\u201d, albumul expozi\u021biei cu acela\u0219i nume, prezint\u0103 publicului dona\u021bia f\u0103cut\u0103 de marea artist\u0103 Corina Chiriac, Muzeului Na\u021bional de Istorie a Rom\u00e2niei \u00een anul 2021.<\/p>\n<p>Prefa\u021ba catalogului este scris\u0103 de doamna Corina Chiriac, \u00een care poveste\u0219te istoriile familiei sale de la str\u0103bunicii paterni din Buz\u0103u \u0219i bunicii materni refugia\u021bi din Armenia, p\u00e2n\u0103 la p\u0103rin\u021bi &#8211; Mircea Chiriac, compozitor \u0219i Eliza Calaigian-Chiriac, pianist\u0103, ambii profesori ai Conservatorului \u201eCiprian Porumbescu\u201d din Bucure\u0219ti.<\/p>\n<p>\u00cen album reg\u0103si\u021bi cele mai importante bunuri de patrimoniu ale \u201eColec\u021biei Corina Chiriac\u201d, de la pa\u0219aportul bunicului armean Hovelia Calaigian, la trofeul Cerbul de Bronz, c\u00e2\u0219tigat la Festivalul \u201eCerbul de Aur\u201d de la Bra\u0219ov \u00een anul 1971, p\u00e2n\u0103\u00a0 la pa\u0219apoartele artistei \u0219i rochiile de scen\u0103 purtate la festivalurile de la Mamaia, Lisabona, Sopot, Berlin.<\/p>\n<p>&nbsp;<\/p>\n<p>&nbsp;<\/p>\n<p>&nbsp;<\/p>\n<p>&nbsp;<\/p>\n","protected":false},"excerpt":{"rendered":"<p>\u201eCorina Chiriac, istoriile unei mari artiste\u201d, albumul expozi\u021biei cu acela\u0219i nume, prezint\u0103 publicului dona\u021bia f\u0103cut\u0103 de marea artist\u0103 Corina Chiriac, Muzeului Na\u021bional de Istorie a Rom\u00e2niei \u00een anul 2021. Prefa\u021ba&#8230;<\/p>\n","protected":false},"featured_media":6506,"template":"","meta":[],"product_brand":[],"product_cat":[28],"product_tag":[],"class_list":{"0":"post-6505","1":"product","2":"type-product","3":"status-publish","4":"has-post-thumbnail","6":"product_cat-album","8":"first","9":"instock","10":"shipping-taxable","11":"purchasable","12":"product-type-simple"},"_links":{"self":[{"href":"https:\/\/mnir.ro\/shop\/index.php\/wp-json\/wp\/v2\/product\/6505","targetHints":{"allow":["GET"]}}],"collection":[{"href":"https:\/\/mnir.ro\/shop\/index.php\/wp-json\/wp\/v2\/product"}],"about":[{"href":"https:\/\/mnir.ro\/shop\/index.php\/wp-json\/wp\/v2\/types\/product"}],"wp:featuredmedia":[{"embeddable":true,"href":"https:\/\/mnir.ro\/shop\/index.php\/wp-json\/wp\/v2\/media\/6506"}],"wp:attachment":[{"href":"https:\/\/mnir.ro\/shop\/index.php\/wp-json\/wp\/v2\/media?parent=6505"}],"wp:term":[{"taxonomy":"product_brand","embeddable":true,"href":"https:\/\/mnir.ro\/shop\/index.php\/wp-json\/wp\/v2\/product_brand?post=6505"},{"taxonomy":"product_cat","embeddable":true,"href":"https:\/\/mnir.ro\/shop\/index.php\/wp-json\/wp\/v2\/product_cat?post=6505"},{"taxonomy":"product_tag","embeddable":true,"href":"https:\/\/mnir.ro\/shop\/index.php\/wp-json\/wp\/v2\/product_tag?post=6505"}],"curies":[{"name":"wp","href":"https:\/\/api.w.org\/{rel}","templated":true}]}}