{"id":5932,"date":"2023-01-10T13:53:16","date_gmt":"2023-01-10T11:53:16","guid":{"rendered":"https:\/\/mnir.ro\/shop\/?post_type=product&#038;p=5932"},"modified":"2023-01-10T16:59:58","modified_gmt":"2023-01-10T14:59:58","slug":"revista-de-restaurare-conservare-si-investigatii-nr-2-2022","status":"publish","type":"product","link":"https:\/\/mnir.ro\/shop\/index.php\/produs\/revista-de-restaurare-conservare-si-investigatii-nr-2-2022\/","title":{"rendered":"Revista de Restaurare, Conservare \u0219i Investiga\u021bii, nr. 2\/2022"},"content":{"rendered":"<p>Al doilea num\u0103r al Revistei de Restaurare, Conservare \u0219i Investiga\u021bii, publicat \u00een anul 2022, aduce \u00een aten\u021bia publicului un num\u0103r de 16 articole valoroase privind restaurarea obiectelor pe diferite suporturi (informa\u021bii tehnice, stare de conservare, principale opera\u021biuni de restaurare efectuate), precum \u0219i cercet\u0103ri din domeniul investiga\u021biilor.<\/p>\n<p>Revista de Restaurare, Conservare \u0219i Investiga\u021bii concentreaz\u0103 contribu\u021bii ale unor speciali\u0219ti din cadrul Muzeului Na\u021bional de Istorie a Rom\u00e2niei, Muzeului Olteniei Craiova, Muzeului Na\u021bional de Art\u0103 al Rom\u00e2niei, Universit\u0103\u021bii Na\u021bionale de Arte Bucure\u0219ti, Muzeului Municipiului Bucure\u0219ti, Complexului Muzeal Na\u021bional \u201eMoldova\u201d Ia\u0219i, Muzeului de Istorie Na\u021bional\u0103 \u0219i Arheologie Constan\u021ba, Institutului Na\u021bional al Patrimoniului, Institutului Na\u021bional de Cercetare-Dezvoltare pentru Fizic\u0103 \u0219i Inginerie Nuclear\u0103 \u201eHoria Hulubei\u201d.<\/p>\n<p>Edi\u021bie \u00een limba rom\u00e2n\u0103 cu rezumate \u00een limba englez\u0103.<\/p>\n","protected":false},"excerpt":{"rendered":"<p>Al doilea num\u0103r al Revistei de Restaurare, Conservare \u0219i Investiga\u021bii, publicat \u00een anul 2022, aduce \u00een aten\u021bia publicului un num\u0103r de 16 articole valoroase privind restaurarea obiectelor pe diferite suporturi&#8230;<\/p>\n","protected":false},"featured_media":5933,"template":"","meta":[],"product_brand":[],"product_cat":[125],"product_tag":[],"class_list":{"0":"post-5932","1":"product","2":"type-product","3":"status-publish","4":"has-post-thumbnail","6":"product_cat-anuar","8":"first","9":"instock","10":"shipping-taxable","11":"purchasable","12":"product-type-simple"},"_links":{"self":[{"href":"https:\/\/mnir.ro\/shop\/index.php\/wp-json\/wp\/v2\/product\/5932","targetHints":{"allow":["GET"]}}],"collection":[{"href":"https:\/\/mnir.ro\/shop\/index.php\/wp-json\/wp\/v2\/product"}],"about":[{"href":"https:\/\/mnir.ro\/shop\/index.php\/wp-json\/wp\/v2\/types\/product"}],"wp:featuredmedia":[{"embeddable":true,"href":"https:\/\/mnir.ro\/shop\/index.php\/wp-json\/wp\/v2\/media\/5933"}],"wp:attachment":[{"href":"https:\/\/mnir.ro\/shop\/index.php\/wp-json\/wp\/v2\/media?parent=5932"}],"wp:term":[{"taxonomy":"product_brand","embeddable":true,"href":"https:\/\/mnir.ro\/shop\/index.php\/wp-json\/wp\/v2\/product_brand?post=5932"},{"taxonomy":"product_cat","embeddable":true,"href":"https:\/\/mnir.ro\/shop\/index.php\/wp-json\/wp\/v2\/product_cat?post=5932"},{"taxonomy":"product_tag","embeddable":true,"href":"https:\/\/mnir.ro\/shop\/index.php\/wp-json\/wp\/v2\/product_tag?post=5932"}],"curies":[{"name":"wp","href":"https:\/\/api.w.org\/{rel}","templated":true}]}}