{"id":5677,"date":"2022-02-07T15:42:02","date_gmt":"2022-02-07T13:42:02","guid":{"rendered":"https:\/\/mnir.ro\/shop\/?post_type=product&#038;p=5677"},"modified":"2022-02-07T15:51:50","modified_gmt":"2022-02-07T13:51:50","slug":"capodopere-din-patrimoniul-muzeului-national-de-istorie-a-romaniei-2021-masterpieces-from-the-collection-of-the-national-history-museum-of-romania-2021","status":"publish","type":"product","link":"https:\/\/mnir.ro\/shop\/index.php\/produs\/capodopere-din-patrimoniul-muzeului-national-de-istorie-a-romaniei-2021-masterpieces-from-the-collection-of-the-national-history-museum-of-romania-2021\/","title":{"rendered":"Capodopere din patrimoniul Muzeului Na\u021bional de Istorie a Rom\u00e2niei 2021\/ Masterpieces from the collection of the National History Museum of Romania 2021"},"content":{"rendered":"<p>Seria Capodopere (edi\u0163ie bilingv\u0103 rom\u00e2n\u0103-englez\u0103) din patrimoniul Muzeul Na\u0163ional de Istorie a Rom\u00e2niei continu\u0103 \u015fi \u00een anul 2021 cu 15 articole dedicate patrimoniului inestimabil al muzeului. Articolele au teme variate, majoritatea pieselor cercetate fiind expuse \u00een cadrul proiectului \u201eExponatul lunii\u201d, pornind de la istoria medieval\u0103 \u015fi p\u00e2n\u0103 la istoria celui de-al Doilea R\u0103zboi Mondial \u201eTezaurul de la Buz\u0103u\u201d, \u201eVasul de la Gogo\u015fu\u201d, \u201eManuscris genealogic al familiei Cantacuzino\u201d, \u201eCasul\u0103 transilv\u0103nean\u0103 secolele XVI-XVII\u201d, \u201eAtlas moderne du collection de cartes\u201d, \u201eSabia lui Tudor Vladimirescu\u201d, \u201ePortretul lui Tudor Vladimirescu de Theodor Aman\u201d, \u201eStemele Principatelor Unite \u00een c\u00e2teva piese de muzeu\u201d, \u201ePartituri metalice \u015fi cutii muzicale din colec\u0163iile MNIR\u201d, \u201eUn portret miniatural al regelui Carol I pictat de Gustav Adolph Stulz\u201d, \u201e1921\u00a0 G\u00f6rlitzer Globus Stella. 100 de ani de fotografie\u201d, \u201eOrdine japoneze din patrimoniul MNIR\u201d, \u201eTema marinei \u00een lucr\u0103rile de grafic\u0103 \u015fi machetele de m\u0103rci po\u015ftale semnate Dimitrie \u015etiubei\u201d, \u201eEroinele Escadrilei Sanitare\u201d, \u201eRoupel 1941. B\u0103t\u0103lia pentru ap\u0103rarea Greciei\u201d.<\/p>\n<p>&nbsp;<\/p>\n","protected":false},"excerpt":{"rendered":"<p>Seria Capodopere (edi\u0163ie bilingv\u0103 rom\u00e2n\u0103-englez\u0103) din patrimoniul Muzeul Na\u0163ional de Istorie a Rom\u00e2niei continu\u0103 \u015fi \u00een anul 2021 cu 15 articole dedicate patrimoniului inestimabil al muzeului. Articolele au teme variate,&#8230;<\/p>\n","protected":false},"featured_media":5678,"template":"","meta":[],"product_brand":[],"product_cat":[123],"product_tag":[],"class_list":{"0":"post-5677","1":"product","2":"type-product","3":"status-publish","4":"has-post-thumbnail","6":"product_cat-catalog-de-colectie","8":"first","9":"instock","10":"shipping-taxable","11":"purchasable","12":"product-type-simple"},"_links":{"self":[{"href":"https:\/\/mnir.ro\/shop\/index.php\/wp-json\/wp\/v2\/product\/5677","targetHints":{"allow":["GET"]}}],"collection":[{"href":"https:\/\/mnir.ro\/shop\/index.php\/wp-json\/wp\/v2\/product"}],"about":[{"href":"https:\/\/mnir.ro\/shop\/index.php\/wp-json\/wp\/v2\/types\/product"}],"wp:featuredmedia":[{"embeddable":true,"href":"https:\/\/mnir.ro\/shop\/index.php\/wp-json\/wp\/v2\/media\/5678"}],"wp:attachment":[{"href":"https:\/\/mnir.ro\/shop\/index.php\/wp-json\/wp\/v2\/media?parent=5677"}],"wp:term":[{"taxonomy":"product_brand","embeddable":true,"href":"https:\/\/mnir.ro\/shop\/index.php\/wp-json\/wp\/v2\/product_brand?post=5677"},{"taxonomy":"product_cat","embeddable":true,"href":"https:\/\/mnir.ro\/shop\/index.php\/wp-json\/wp\/v2\/product_cat?post=5677"},{"taxonomy":"product_tag","embeddable":true,"href":"https:\/\/mnir.ro\/shop\/index.php\/wp-json\/wp\/v2\/product_tag?post=5677"}],"curies":[{"name":"wp","href":"https:\/\/api.w.org\/{rel}","templated":true}]}}