{"id":5675,"date":"2022-02-07T15:35:14","date_gmt":"2022-02-07T13:35:14","guid":{"rendered":"https:\/\/mnir.ro\/shop\/?post_type=product&#038;p=5675"},"modified":"2022-02-07T15:35:14","modified_gmt":"2022-02-07T13:35:14","slug":"artisti-romani-de-altadata-sfarsitul-secolului-xix-inceputul-secolului-xx","status":"publish","type":"product","link":"https:\/\/mnir.ro\/shop\/index.php\/produs\/artisti-romani-de-altadata-sfarsitul-secolului-xix-inceputul-secolului-xx\/","title":{"rendered":"Arti\u015fti rom\u00e2ni de alt\u0103dat\u0103. Sf\u00e2r\u015fitul secolului XIX &#8211; \u00eenceputul secolului XX"},"content":{"rendered":"<p>Lucrarea <em>Arti\u015fti rom\u00e2ni de alt\u0103dat\u0103. Sf\u00e2r\u015fitul secolului XIX &#8211; \u00eenceputul secolului XX <\/em>este o scurt\u0103 istorie a mi\u015fc\u0103rii artistice din Rom\u00e2nia (teatru \u015fi oper\u0103), pornind de la colec\u0163ia de fotografii \u015fi c\u0103r\u0163i po\u015ftale, mare parte inedite, din patrimoniul Muzeului Na\u0163ional de Istorie a Rom\u00e2niei.<\/p>\n<p>Arti\u015ftii dramatici, actorii, \u015fi cei lirici, c\u00e2nt\u0103re\u0163ii, se reg\u0103sesc \u00een egal\u0103 m\u0103sur\u0103 \u00een aceast\u0103 lucrare, de la cei ai Teatrelor Na\u021bionale din Bucure\u0219ti, Ia\u0219i \u0219i Craiova, la cei din Companiile particulare, precum: Teatrul de Operet\u0103 al lui A.L. Bobescu, Trupa lui Zaharia Burienescu, Compania Vl\u0103dicescu-Tardini, Compania Grigoriu, Compania Dramatic\u0103\u00a0 Davila, Compania Constantin Radovici, Compania M\u0103rioara Voiculescu.<\/p>\n<p>Crochiuri \u015fi imagini ale unor mari nume ale Operei Rom\u00e2ne, precum: Maria Assan, Ioan B\u0103jenaru, Alexandru B\u0103rc\u0103nescu, Hariclea Darcl\u00e9e, Ion Dimitrescu, Elena Dr\u0103gulinescu-Stinghe, Grigore Gabrielescu, Marieta Iona\u015fcu, Margareta Zina Iamandi, Achile Popescu, Dimitrie Popovici-Bayreuth, Irina Vl\u0103daia, Elena Teodorini, se reg\u0103sesc, de asemenea, \u00een volum.<\/p>\n","protected":false},"excerpt":{"rendered":"<p>Lucrarea Arti\u015fti rom\u00e2ni de alt\u0103dat\u0103. Sf\u00e2r\u015fitul secolului XIX &#8211; \u00eenceputul secolului XX este o scurt\u0103 istorie a mi\u015fc\u0103rii artistice din Rom\u00e2nia (teatru \u015fi oper\u0103), pornind de la colec\u0163ia de fotografii&#8230;<\/p>\n","protected":false},"featured_media":5676,"template":"","meta":[],"product_brand":[],"product_cat":[39],"product_tag":[],"class_list":{"0":"post-5675","1":"product","2":"type-product","3":"status-publish","4":"has-post-thumbnail","6":"product_cat-carte","8":"first","9":"instock","10":"shipping-taxable","11":"purchasable","12":"product-type-simple"},"_links":{"self":[{"href":"https:\/\/mnir.ro\/shop\/index.php\/wp-json\/wp\/v2\/product\/5675","targetHints":{"allow":["GET"]}}],"collection":[{"href":"https:\/\/mnir.ro\/shop\/index.php\/wp-json\/wp\/v2\/product"}],"about":[{"href":"https:\/\/mnir.ro\/shop\/index.php\/wp-json\/wp\/v2\/types\/product"}],"wp:featuredmedia":[{"embeddable":true,"href":"https:\/\/mnir.ro\/shop\/index.php\/wp-json\/wp\/v2\/media\/5676"}],"wp:attachment":[{"href":"https:\/\/mnir.ro\/shop\/index.php\/wp-json\/wp\/v2\/media?parent=5675"}],"wp:term":[{"taxonomy":"product_brand","embeddable":true,"href":"https:\/\/mnir.ro\/shop\/index.php\/wp-json\/wp\/v2\/product_brand?post=5675"},{"taxonomy":"product_cat","embeddable":true,"href":"https:\/\/mnir.ro\/shop\/index.php\/wp-json\/wp\/v2\/product_cat?post=5675"},{"taxonomy":"product_tag","embeddable":true,"href":"https:\/\/mnir.ro\/shop\/index.php\/wp-json\/wp\/v2\/product_tag?post=5675"}],"curies":[{"name":"wp","href":"https:\/\/api.w.org\/{rel}","templated":true}]}}