{"id":5618,"date":"2021-12-14T11:50:15","date_gmt":"2021-12-14T09:50:15","guid":{"rendered":"https:\/\/mnir.ro\/shop\/?post_type=product&#038;p=5618"},"modified":"2021-12-14T11:50:15","modified_gmt":"2021-12-14T09:50:15","slug":"ceramica-romano-bizantina-din-secolele-iv-vii-la-dunarea-de-jos","status":"publish","type":"product","link":"https:\/\/mnir.ro\/shop\/index.php\/produs\/ceramica-romano-bizantina-din-secolele-iv-vii-la-dunarea-de-jos\/","title":{"rendered":"Ceramica romano-bizantin\u0103 din secolele IV-VII la Dun\u0103rea de Jos"},"content":{"rendered":"<p>Lucrarea \u201cCeramica romano-bizantin\u0103 din secolele IV-VII la Dun\u0103rea de Jos\u201d cuprinde materialul ceramic publicat \u00een aproximativ un secol de cercet\u0103ri arheologice \u00een Dobrogea.<\/p>\n<p>Cercetarea actual\u0103 este selectiv\u0103, func\u0163ionalitatea vaselor este stabilit\u0103 intuitiv, f\u0103r\u0103 studiu morfologic sau petrografic, iar alocarea numelor func\u0163ionale sunt la discre\u0163ia fiec\u0103rui autor, f\u0103r\u0103 criterii enun\u0163ate. Probabil c\u0103 inexisten\u0163a acestor date nu este at\u00e2t de sup\u0103r\u0103toare p\u00e2n\u0103 la o astfel de \u00eencercare, pentru c\u0103 cercetarea de sintez\u0103 necesit\u0103 o coeren\u0163\u0103 a datelor pe toat\u0103 lungimea segmentului cercetat, altfel spus unui nume identic trebuie s\u0103 \u00eei corespund\u0103 o realitate asem\u0103n\u0103toare iar limitele distinc\u0163iilor tipologice trebuie precizate \u015fi respectate pentru tot materialul de referin\u0163\u0103. Aloc\u0103rile func\u0163ional &#8211; tipologice trebuie s\u0103 aib\u0103 la baz\u0103 constat\u0103ri obiective. O asemenea \u00eencercare este asem\u0103n\u0103toare cu efectuarea unui sondaj de opinie. Dac\u0103 este f\u0103cut \u00een mod profesionist sunt \u015fanse mari ca rezultatele s\u0103 fie \u00eentr-o marj\u0103 de eroare minim\u0103 \u015fi concluziile s\u0103 fie cele corecte. Principala condi\u0163ie este ca cei implica\u0163i s\u0103 foloseasc\u0103 o metodologie comun\u0103.<\/p>\n<p>Chiar dac\u0103 sunt prezentate peste 3000 de piese, din p\u0103cate lucrarea reflect\u0103 stadiul actual al public\u0103rii \u015fi nu al cercet\u0103rii.<\/p>\n<p>&nbsp;<\/p>\n","protected":false},"excerpt":{"rendered":"<p>Lucrarea \u201cCeramica romano-bizantin\u0103 din secolele IV-VII la Dun\u0103rea de Jos\u201d cuprinde materialul ceramic publicat \u00een aproximativ un secol de cercet\u0103ri arheologice \u00een Dobrogea. Cercetarea actual\u0103 este selectiv\u0103, func\u0163ionalitatea vaselor este&#8230;<\/p>\n","protected":false},"featured_media":5619,"template":"","meta":[],"product_brand":[],"product_cat":[39],"product_tag":[],"class_list":{"0":"post-5618","1":"product","2":"type-product","3":"status-publish","4":"has-post-thumbnail","6":"product_cat-carte","8":"first","9":"instock","10":"shipping-taxable","11":"purchasable","12":"product-type-simple"},"_links":{"self":[{"href":"https:\/\/mnir.ro\/shop\/index.php\/wp-json\/wp\/v2\/product\/5618","targetHints":{"allow":["GET"]}}],"collection":[{"href":"https:\/\/mnir.ro\/shop\/index.php\/wp-json\/wp\/v2\/product"}],"about":[{"href":"https:\/\/mnir.ro\/shop\/index.php\/wp-json\/wp\/v2\/types\/product"}],"wp:featuredmedia":[{"embeddable":true,"href":"https:\/\/mnir.ro\/shop\/index.php\/wp-json\/wp\/v2\/media\/5619"}],"wp:attachment":[{"href":"https:\/\/mnir.ro\/shop\/index.php\/wp-json\/wp\/v2\/media?parent=5618"}],"wp:term":[{"taxonomy":"product_brand","embeddable":true,"href":"https:\/\/mnir.ro\/shop\/index.php\/wp-json\/wp\/v2\/product_brand?post=5618"},{"taxonomy":"product_cat","embeddable":true,"href":"https:\/\/mnir.ro\/shop\/index.php\/wp-json\/wp\/v2\/product_cat?post=5618"},{"taxonomy":"product_tag","embeddable":true,"href":"https:\/\/mnir.ro\/shop\/index.php\/wp-json\/wp\/v2\/product_tag?post=5618"}],"curies":[{"name":"wp","href":"https:\/\/api.w.org\/{rel}","templated":true}]}}