{"id":5357,"date":"2021-01-20T14:24:29","date_gmt":"2021-01-20T12:24:29","guid":{"rendered":"https:\/\/mnir.ro\/shop\/?post_type=product&#038;p=5357"},"modified":"2023-02-07T12:07:04","modified_gmt":"2023-02-07T10:07:04","slug":"capodopere-din-patrimoniul-muzeului-national-de-istorie-a-romaniei-2020-masterpieces-from-the-collection-of-the-national-history-museum-of-romania-2020","status":"publish","type":"product","link":"https:\/\/mnir.ro\/shop\/index.php\/produs\/capodopere-din-patrimoniul-muzeului-national-de-istorie-a-romaniei-2020-masterpieces-from-the-collection-of-the-national-history-museum-of-romania-2020\/","title":{"rendered":"Capodopere din patrimoniul Muzeului Na\u021bional de Istorie a Rom\u00e2niei 2020\/ Masterpieces from the Patrimony of the National History Museum of Romania 2020"},"content":{"rendered":"<p>Capodopere din patrimoniul Muzeului Na\u021bional de Istorie a Rom\u00e2niei 2020\/Masterpieces from the collection of the National History Museum of Romania 2020, lucrare coordonat\u0103 de c\u0103tre dr. Cornel Constantin Ilie, cuprinde istoria a dou\u0103sprezece dintre cele mai importante tezaure sau bunuri culturale din patrimoniul Muzeului Na\u021bional de Istorie a Rom\u00e2niei, cercetate \u0219i prezentate de c\u0103tre muzeografii \u0219i cercet\u0103torii acestuia. \u00cen cele 150 de pagini ale volumului, ce beneficiaz\u0103 de o ilustra\u021bie bogat\u0103, se poate citi despre: un inel de aur descoperit \u00een 1949 la Poiana, jud. Gala\u021bi; statuete antice, descoperite pe teritoriul Rom\u00e2niei, reprezent\u00e2ndu-l pe zeul Eros; br\u0103\u021b\u0103ri din tezaurul de la Basarabi; harta Moldovei de F.G. Bauer;\u00a0<em>Psaltirea Sf\u00e2ntului Proroc David \u2026 pre versuri tocmit\u0103,\u00a0<\/em>tradus\u0103 \u00een rom\u00e2n\u0103 de Dosoftei (prezentarea con\u021binutului c\u0103r\u021bii \u0219i a procesului de restaurare prin care a trecut aceasta), lucrarea\u00a0<em>Codul Callimachi;\u00a0<\/em>aspecte din coresponden\u021ba sopranei Haricleea Darclee; ordine dedicate Sf\u00e2ntului Morm\u00e2nt; cristelni\u021ba \u00een care a fost botezat principele Carol; macheta \u201eTrei regi\u201d, realizat\u0103 de Ary Murnu; obiecte avute asupra sa de Nicolae Iorga \u00een momentul asasin\u0103rii, tragedie de la care \u00een 2020 s-au \u00eemplinit 80 de ani; prima carte de onoare a Muzeului Na\u021bional de Istorie a Rom\u00e2niei.<\/p>\n","protected":false},"excerpt":{"rendered":"<p>Capodopere din patrimoniul Muzeului Na\u021bional de Istorie a Rom\u00e2niei 2020\/Masterpieces from the collection of the National History Museum of Romania 2020, lucrare coordonat\u0103 de c\u0103tre dr. Cornel Constantin Ilie, cuprinde&#8230;<\/p>\n","protected":false},"featured_media":5358,"template":"","meta":[],"product_brand":[],"product_cat":[39],"product_tag":[],"class_list":{"0":"post-5357","1":"product","2":"type-product","3":"status-publish","4":"has-post-thumbnail","6":"product_cat-carte","8":"first","9":"instock","10":"shipping-taxable","11":"purchasable","12":"product-type-simple"},"_links":{"self":[{"href":"https:\/\/mnir.ro\/shop\/index.php\/wp-json\/wp\/v2\/product\/5357","targetHints":{"allow":["GET"]}}],"collection":[{"href":"https:\/\/mnir.ro\/shop\/index.php\/wp-json\/wp\/v2\/product"}],"about":[{"href":"https:\/\/mnir.ro\/shop\/index.php\/wp-json\/wp\/v2\/types\/product"}],"wp:featuredmedia":[{"embeddable":true,"href":"https:\/\/mnir.ro\/shop\/index.php\/wp-json\/wp\/v2\/media\/5358"}],"wp:attachment":[{"href":"https:\/\/mnir.ro\/shop\/index.php\/wp-json\/wp\/v2\/media?parent=5357"}],"wp:term":[{"taxonomy":"product_brand","embeddable":true,"href":"https:\/\/mnir.ro\/shop\/index.php\/wp-json\/wp\/v2\/product_brand?post=5357"},{"taxonomy":"product_cat","embeddable":true,"href":"https:\/\/mnir.ro\/shop\/index.php\/wp-json\/wp\/v2\/product_cat?post=5357"},{"taxonomy":"product_tag","embeddable":true,"href":"https:\/\/mnir.ro\/shop\/index.php\/wp-json\/wp\/v2\/product_tag?post=5357"}],"curies":[{"name":"wp","href":"https:\/\/api.w.org\/{rel}","templated":true}]}}