{"id":4926,"date":"2019-01-30T15:02:58","date_gmt":"2019-01-30T13:02:58","guid":{"rendered":"http:\/\/89.36.140.88\/~mnir\/shop\/?post_type=product&#038;p=4926"},"modified":"2019-01-30T15:03:47","modified_gmt":"2019-01-30T13:03:47","slug":"cercetari-numismatice-volumul-xxi-xxii","status":"publish","type":"product","link":"https:\/\/mnir.ro\/shop\/index.php\/produs\/cercetari-numismatice-volumul-xxi-xxii\/","title":{"rendered":"Cercet\u0103ri Numismatice, volumul XXI-XXII"},"content":{"rendered":"<p>Jurnal \u0219tiin\u021bific cu apari\u021bie anual\u0103, dedicat studiilor de numismatic\u0103 \u0219i \u0219tiin\u021belor auxiliare. Aceast\u0103 edi\u021bie cuprinde un num\u0103r de 10 articole de specialitate \u00een care sunt prezentate piese numismatice antice, medievale, moderne, precum \u0219i piese faleristice, dar \u0219i un important fond documentar valorificat din perspectiv\u0103 genealogic\u0103. De asemenea, sunt aduse \u00een aten\u021bia publicului cititor \u0219i o serie de descoperiri monetare recente. Toate studiile sunt \u00eenso\u021bite de ilustra\u021bii de foarte bun\u0103 calitate ale pieselor prezentate.<\/p>\n","protected":false},"excerpt":{"rendered":"<p>Jurnal \u0219tiin\u021bific cu apari\u021bie anual\u0103, dedicat studiilor de numismatic\u0103 \u0219i \u0219tiin\u021belor auxiliare. Aceast\u0103 edi\u021bie cuprinde un num\u0103r de 10 articole de specialitate \u00een care sunt prezentate piese numismatice antice, medievale,&#8230;<\/p>\n","protected":false},"featured_media":4928,"template":"","meta":[],"product_brand":[],"product_cat":[125],"product_tag":[],"class_list":{"0":"post-4926","1":"product","2":"type-product","3":"status-publish","4":"has-post-thumbnail","6":"product_cat-anuar","8":"first","9":"instock","10":"shipping-taxable","11":"purchasable","12":"product-type-simple"},"_links":{"self":[{"href":"https:\/\/mnir.ro\/shop\/index.php\/wp-json\/wp\/v2\/product\/4926","targetHints":{"allow":["GET"]}}],"collection":[{"href":"https:\/\/mnir.ro\/shop\/index.php\/wp-json\/wp\/v2\/product"}],"about":[{"href":"https:\/\/mnir.ro\/shop\/index.php\/wp-json\/wp\/v2\/types\/product"}],"wp:featuredmedia":[{"embeddable":true,"href":"https:\/\/mnir.ro\/shop\/index.php\/wp-json\/wp\/v2\/media\/4928"}],"wp:attachment":[{"href":"https:\/\/mnir.ro\/shop\/index.php\/wp-json\/wp\/v2\/media?parent=4926"}],"wp:term":[{"taxonomy":"product_brand","embeddable":true,"href":"https:\/\/mnir.ro\/shop\/index.php\/wp-json\/wp\/v2\/product_brand?post=4926"},{"taxonomy":"product_cat","embeddable":true,"href":"https:\/\/mnir.ro\/shop\/index.php\/wp-json\/wp\/v2\/product_cat?post=4926"},{"taxonomy":"product_tag","embeddable":true,"href":"https:\/\/mnir.ro\/shop\/index.php\/wp-json\/wp\/v2\/product_tag?post=4926"}],"curies":[{"name":"wp","href":"https:\/\/api.w.org\/{rel}","templated":true}]}}