{"id":4862,"date":"2018-08-24T13:18:19","date_gmt":"2018-08-24T10:18:19","guid":{"rendered":"http:\/\/89.36.140.88\/~mnir\/shop\/?post_type=product&#038;p=4862"},"modified":"2022-04-19T15:21:17","modified_gmt":"2022-04-19T12:21:17","slug":"mircea-cel-batran-600","status":"publish","type":"product","link":"https:\/\/mnir.ro\/shop\/index.php\/produs\/mircea-cel-batran-600\/","title":{"rendered":"Mircea cel B\u0103tr\u00e2n &#8211; 600"},"content":{"rendered":"<p><span style=\"color: #26282a; font-family: 'Helvetica Neue', Helvetica, Arial, sans-serif; font-size: 16px; font-style: normal; font-variant-ligatures: normal; font-variant-caps: normal; font-weight: 400; letter-spacing: normal; orphans: 2; text-align: left; text-indent: 0px; text-transform: none; white-space: normal; widows: 2; word-spacing: 0px; -webkit-text-stroke-width: 0px; background-color: #ffffff; text-decoration-style: initial; text-decoration-color: initial; display: inline !important; float: none;\">Catalog publicat o dat\u0103 cu inaugurarea expozi\u021biei \u201eMircea cel B\u0103tr\u00e2n &#8211; 600\u201d, \u00een paginile c\u0103ruia sunt ilustrate \u0219i descrise o serie de piese deosebite care sunt reprezentative pentru via\u021ba cotidian\u0103 \u0219i cultura din ultimele decenii ale secolului al XIV-lea \u0219i primele decenii ale secolului al XV-lea, perioad\u0103 care se suprapune cu domnia lui Mircea cel B\u0103tr\u00e2n. Catalogul este deschis de un studiu \u0219tiin\u021bific redactat de c\u0103tre profesorul universitar dr. Tudor Teoteoi, text prin care prezint\u0103 cele mai importante aspecte ale domniei lui Mircea cel B\u0103tr\u00e2n \u0219i impactul pe care l-au avut asupra societ\u0103\u021bii ac\u021biunile sale politice \u0219i militare.<\/span><\/p>\n","protected":false},"excerpt":{"rendered":"<p>Catalog publicat o dat\u0103 cu inaugurarea expozi\u021biei \u201eMircea cel B\u0103tr\u00e2n &#8211; 600\u201d, \u00een paginile c\u0103ruia sunt ilustrate \u0219i descrise o serie de piese deosebite care sunt reprezentative pentru via\u021ba cotidian\u0103&#8230;<\/p>\n","protected":false},"featured_media":4863,"template":"","meta":[],"product_brand":[],"product_cat":[27],"product_tag":[],"class_list":{"0":"post-4862","1":"product","2":"type-product","3":"status-publish","4":"has-post-thumbnail","6":"product_cat-catalog-expozitie","8":"first","9":"instock","10":"shipping-taxable","11":"purchasable","12":"product-type-simple"},"_links":{"self":[{"href":"https:\/\/mnir.ro\/shop\/index.php\/wp-json\/wp\/v2\/product\/4862","targetHints":{"allow":["GET"]}}],"collection":[{"href":"https:\/\/mnir.ro\/shop\/index.php\/wp-json\/wp\/v2\/product"}],"about":[{"href":"https:\/\/mnir.ro\/shop\/index.php\/wp-json\/wp\/v2\/types\/product"}],"wp:featuredmedia":[{"embeddable":true,"href":"https:\/\/mnir.ro\/shop\/index.php\/wp-json\/wp\/v2\/media\/4863"}],"wp:attachment":[{"href":"https:\/\/mnir.ro\/shop\/index.php\/wp-json\/wp\/v2\/media?parent=4862"}],"wp:term":[{"taxonomy":"product_brand","embeddable":true,"href":"https:\/\/mnir.ro\/shop\/index.php\/wp-json\/wp\/v2\/product_brand?post=4862"},{"taxonomy":"product_cat","embeddable":true,"href":"https:\/\/mnir.ro\/shop\/index.php\/wp-json\/wp\/v2\/product_cat?post=4862"},{"taxonomy":"product_tag","embeddable":true,"href":"https:\/\/mnir.ro\/shop\/index.php\/wp-json\/wp\/v2\/product_tag?post=4862"}],"curies":[{"name":"wp","href":"https:\/\/api.w.org\/{rel}","templated":true}]}}