{"id":4853,"date":"2018-06-20T21:28:39","date_gmt":"2018-06-20T18:28:39","guid":{"rendered":"http:\/\/89.36.140.88\/~mnir\/shop\/?post_type=product&#038;p=4853"},"modified":"2018-06-26T15:33:58","modified_gmt":"2018-06-26T12:33:58","slug":"4853","status":"publish","type":"product","link":"https:\/\/mnir.ro\/shop\/index.php\/produs\/4853\/","title":{"rendered":"Regimentul 37 infanterie"},"content":{"rendered":"<p>&nbsp;<\/p>\n<p>\u00cen fototeca Muzeului Na\u021bional de Istorie a Rom\u00e2niei se p\u0103streaz\u0103 un extraordinar fond de cli\u0219ee pe sticl\u0103, cu imagini din timpul Primului R\u0103zboi Mondial. Majoritatea acestor cli\u0219ee au ca subiect solda\u021bii, subofi\u021berii \u0219i ofi\u021berii Regimentului 37 Infanterie \u201eAlexandru cel Bun\u201d. Sunt imagini ce surprind militarii acestei unit\u0103\u021bi \u00een momentele de acalmie, dinainte sau de dup\u0103 o b\u0103t\u0103lie, momente \u00een care se l\u0103sau a\u0219eza\u021bi \u201ela poz\u0103\u201d, pentru a fi imortaliza\u021bi pe sticl\u0103. Fizionomii, posturi, atitudini c\u00e2t se poate de diverse \u0219i totu\u0219i at\u00e2t de \u201euniformizate\u201d de atingerea r\u0103zboiului au fost surprinse de fotograful r\u0103mas, din p\u0103cate, anonim.<\/p>\n<p>Lotul de cli\u0219ee a fost achizi\u021bionat \u00een anii 1970 de la un colec\u021bionar, care \u00eens\u0103 nu a oferit vreo informa\u021bie legat\u0103 de cine, c\u00e2nd, unde \u0219i de ce a f\u0103cut aceste cli\u0219ee. Este posibil s\u0103 fie vorba de un fotograf oficial din cadrul Serviciului Fotografic al Armatei sau poate chiar un fotograf al regimentului.<\/p>\n<p>\u00cen ceea ce prive\u0219te locul \u00een care au fost realizate, consider\u0103m c\u0103 unele au fost f\u0103cute \u00een zona marilor b\u0103t\u0103lii din anul 1917, av\u00e2nd \u00een vedere faptul c\u0103 regimentul a fost implicat \u00een aceste lupte, dar \u0219i faptul c\u0103 sunt c\u00e2teva cli\u0219ee \u00een care apare zona bombardat\u0103 a g\u0103rii din M\u0103r\u0103\u0219e\u0219ti. Ca \u00eencadrare \u00een timp, se poate lua \u00een considerare perioada cuprins\u0103 \u00eentre prim\u0103vara-vara anului 1917 \u0219i \u00eenceputul prim\u0103verii anului 1918 (c\u00e2nd a avut loc demobilizarea, \u00een urma \u00eencheierii p\u0103cii cu Puterile Centrale). Am fost condu\u0219i spre aceast\u0103 ipotez\u0103 de mai multe aspecte: cadrul natural surprins \u00een imagini (\u00een unele apar por\u021biuni cu z\u0103pad\u0103, \u00een altele copaci desfrunzi\u021bi, \u00een altele vegeta\u021bie abundent\u0103), vestimenta\u021bia solda\u021bilor \u0219i ofi\u021berilor (at\u00e2t \u021binute de vreme cald\u0103, c\u00e2t \u0219i \u021binute de vreme rece, militari cu flori \u00een m\u00e2ini sau la butonier\u0103), str\u0103ini care apar \u00een compania rom\u00e2nilor (este vorba de ofi\u021beri francezi din cadrul Misiunii Militare).<\/p>\n<p>Exist\u0103 \u0219i c\u00e2teva imagini care nu se supun acestui cadru general. C\u00e2teva par s\u0103 fie din perioada intr\u0103rii Rom\u00e2niei \u00een r\u0103zboi (vara-toamna anului 1916), \u00eens\u0103 tot cu militari din Regimentul 37 infanterie; mai exist\u0103 c\u00e2teva cli\u0219ee care nu au leg\u0103tur\u0103 cu acest regiment, dar care sunt foarte interesante pentru c\u0103 \u00een ele apar generalii Eremia Grigorescu \u0219i Traian Mo\u0219oiu, \u0219i chiar mare\u0219alul francez Joffre.<\/p>\n","protected":false},"excerpt":{"rendered":"<p>&nbsp; \u00cen fototeca Muzeului Na\u021bional de Istorie a Rom\u00e2niei se p\u0103streaz\u0103 un extraordinar fond de cli\u0219ee pe sticl\u0103, cu imagini din timpul Primului R\u0103zboi Mondial. Majoritatea acestor cli\u0219ee au ca&#8230;<\/p>\n","protected":false},"featured_media":4843,"template":"","meta":[],"product_brand":[],"product_cat":[155],"product_tag":[],"class_list":{"0":"post-4853","1":"product","2":"type-product","3":"status-publish","4":"has-post-thumbnail","6":"product_cat-fara-categorie","8":"first","9":"instock","10":"shipping-taxable","11":"purchasable","12":"product-type-simple"},"_links":{"self":[{"href":"https:\/\/mnir.ro\/shop\/index.php\/wp-json\/wp\/v2\/product\/4853","targetHints":{"allow":["GET"]}}],"collection":[{"href":"https:\/\/mnir.ro\/shop\/index.php\/wp-json\/wp\/v2\/product"}],"about":[{"href":"https:\/\/mnir.ro\/shop\/index.php\/wp-json\/wp\/v2\/types\/product"}],"wp:featuredmedia":[{"embeddable":true,"href":"https:\/\/mnir.ro\/shop\/index.php\/wp-json\/wp\/v2\/media\/4843"}],"wp:attachment":[{"href":"https:\/\/mnir.ro\/shop\/index.php\/wp-json\/wp\/v2\/media?parent=4853"}],"wp:term":[{"taxonomy":"product_brand","embeddable":true,"href":"https:\/\/mnir.ro\/shop\/index.php\/wp-json\/wp\/v2\/product_brand?post=4853"},{"taxonomy":"product_cat","embeddable":true,"href":"https:\/\/mnir.ro\/shop\/index.php\/wp-json\/wp\/v2\/product_cat?post=4853"},{"taxonomy":"product_tag","embeddable":true,"href":"https:\/\/mnir.ro\/shop\/index.php\/wp-json\/wp\/v2\/product_tag?post=4853"}],"curies":[{"name":"wp","href":"https:\/\/api.w.org\/{rel}","templated":true}]}}