{"id":4792,"date":"2018-02-09T13:33:53","date_gmt":"2018-02-09T11:33:53","guid":{"rendered":"http:\/\/89.36.140.88\/~mnir\/shop\/?post_type=product&#038;p=4792"},"modified":"2022-04-19T15:07:31","modified_gmt":"2022-04-19T12:07:31","slug":"cercetari-numismatice-xix-xx","status":"publish","type":"product","link":"https:\/\/mnir.ro\/shop\/index.php\/produs\/cercetari-numismatice-xix-xx\/","title":{"rendered":"Cercet\u0103ri Numismatice XIX-XX"},"content":{"rendered":"<p>Jurnal \u0219tiin\u021bific cu o apari\u021bie constant\u0103 \u00een ultimii ani, dedicat studiilor de numismatic\u0103 \u0219i \u0219tiin\u021belor auxiliare, cuprinde un num\u0103r de 11 articole de specialitate \u00een care sunt valorificate piese numismatice antice, medievale, moderne, precum \u0219i piese medalistice. Importante contribu\u021bii care aduc \u00een aten\u021bia publicului cititor descoperirile monetare cele mai recente sunt reprezentate de dou\u0103 cronici cu ilustra\u021bii de foarte bun\u0103 calitate ale pieselor prezentate.<\/p>\n","protected":false},"excerpt":{"rendered":"<p>Jurnal \u0219tiin\u021bific cu o apari\u021bie constant\u0103 \u00een ultimii ani, dedicat studiilor de numismatic\u0103 \u0219i \u0219tiin\u021belor auxiliare, cuprinde un num\u0103r de 11 articole de specialitate \u00een care sunt valorificate piese numismatice&#8230;<\/p>\n","protected":false},"featured_media":4793,"template":"","meta":[],"product_brand":[],"product_cat":[125],"product_tag":[],"class_list":{"0":"post-4792","1":"product","2":"type-product","3":"status-publish","4":"has-post-thumbnail","6":"product_cat-anuar","8":"first","9":"instock","10":"shipping-taxable","11":"purchasable","12":"product-type-simple"},"_links":{"self":[{"href":"https:\/\/mnir.ro\/shop\/index.php\/wp-json\/wp\/v2\/product\/4792","targetHints":{"allow":["GET"]}}],"collection":[{"href":"https:\/\/mnir.ro\/shop\/index.php\/wp-json\/wp\/v2\/product"}],"about":[{"href":"https:\/\/mnir.ro\/shop\/index.php\/wp-json\/wp\/v2\/types\/product"}],"wp:featuredmedia":[{"embeddable":true,"href":"https:\/\/mnir.ro\/shop\/index.php\/wp-json\/wp\/v2\/media\/4793"}],"wp:attachment":[{"href":"https:\/\/mnir.ro\/shop\/index.php\/wp-json\/wp\/v2\/media?parent=4792"}],"wp:term":[{"taxonomy":"product_brand","embeddable":true,"href":"https:\/\/mnir.ro\/shop\/index.php\/wp-json\/wp\/v2\/product_brand?post=4792"},{"taxonomy":"product_cat","embeddable":true,"href":"https:\/\/mnir.ro\/shop\/index.php\/wp-json\/wp\/v2\/product_cat?post=4792"},{"taxonomy":"product_tag","embeddable":true,"href":"https:\/\/mnir.ro\/shop\/index.php\/wp-json\/wp\/v2\/product_tag?post=4792"}],"curies":[{"name":"wp","href":"https:\/\/api.w.org\/{rel}","templated":true}]}}