{"id":4745,"date":"2017-08-23T11:20:41","date_gmt":"2017-08-23T08:20:41","guid":{"rendered":"http:\/\/89.36.140.88\/~mnir\/shop\/?post_type=product&#038;p=4745"},"modified":"2022-04-19T18:53:23","modified_gmt":"2022-04-19T15:53:23","slug":"sarmizegetusa-inceputurile-daciei-romane-catalog-de-expozitie-editie-bilingva-romana-engleza","status":"publish","type":"product","link":"https:\/\/mnir.ro\/shop\/index.php\/produs\/sarmizegetusa-inceputurile-daciei-romane-catalog-de-expozitie-editie-bilingva-romana-engleza\/","title":{"rendered":"Sarmizegetusa &#8211; \u00eenceputurile Daciei romane \u2013 Catalog de expozi\u021bie (edi\u021bie bilingv\u0103 rom\u00e2n\u0103 \u2013 englez\u0103)"},"content":{"rendered":"<p><i id=\"yui_3_16_0_ym19_1_1503397852950_40522\">Sarmizegetusa &#8211; \u00eenceputurile Daciei romane\u00a0<\/i>\u2013 Catalog de expozi\u021bie (edi\u021bie bilingv\u0103 rom\u00e2n\u0103 \u2013 englez\u0103)<br \/>\nNr. de pagini: 139<br \/>\nAn: 2017<\/p>\n<p>&nbsp;<\/p>\n<p><strong>\u00a0\u00a0\u00a0\u00a0\u00a0\u00a0\u00a0\u00a0\u00a0\u00a0\u00a0\u00a0\u00a0\u00a0\u00a0 <\/strong>Sub egida Muzeului Na\u021bional de Istorie a Rom\u00e2niei a fost publicat catalogul expozi\u021biei \u201eSarmizegetusa. \u00cenceputurile Daciei romane\u201d. Volumul bilingv (versiuni \u00een limbile rom\u00e2n\u0103 \u0219i englez\u0103), de 130 de pagini, bogat ilustrat color, reune\u0219te informa\u021bii noi cu privire la cercet\u0103rile \u0219i descoperirile de dat\u0103 recent\u0103 efectuate \u00een cadrul sitului antic Colonia Dacica Sarmizegetusa, considerat\u0103 prin tradi\u0163ie capitala provinciei Dacia.<\/p>\n<p>Acest prim ora\u015f al provinciei \u00eentemeiate de romani la nord de Dun\u0103re \u00een 106 p. Chr. \u00ee\u0219i are originea simbolic\u0103 \u00een leg\u0103tur\u0103 cu fosta capitala a regatului dac, de unde preia \u0219i denumirea. Este unul dintre siturile emblematice pentru arheologia clasic\u0103 din Rom\u00e2nia, aici desf\u0103\u0219ur\u00e2ndu-se ample cercet\u0103ri de aproape un secol.<\/p>\n<p>\u00cen ultimii ani, situl de la Ulpia Traiana Sarmizegetusa demonstreaz\u0103 un poten\u0163ial major pentru a deveni un vector al dezvolt\u0103rii durabile pentru \u00eentregul areal al \u0162\u0103rii Ha\u0163egului, beneficiind de o serie de proiecte de restaurare de anvergur\u0103 \u00een zona forului lui Traian \u0219i a capitoliului. Exist\u0103, de asemenea, un proiect \u00een curs de derulare care are \u00een vedere realizarea unui nou muzeu de sit, cu o important\u0103 component\u0103 digital\u0103.<\/p>\n<p>Prin organizarea expozi\u021biei <em>Sarmizegetusa \u2013 \u00eenceputurile Daciei romane<\/em>, Muzeul Na\u021bional de Istorie a Rom\u00e2niei, \u00een colaborare cu Muzeul Na\u021bional de Istorie a Transilvaniei \u0219i Muzeul Civiliza\u021biei Dacice \u0219i Romane aduc \u00een aten\u021bia publicului \u0219i a speciali\u0219tilor date \u0219tiin\u021bifice \u0219i bunuri culturale de prim\u0103 importan\u021b\u0103 rezultate ca urmare a s\u0103p\u0103turilor arheologice de dat\u0103 recent\u0103 \u00eentreprinse \u00een cuprinsul acestui valoros ora\u0219 antic, primului ora\u0219 roman \u00eentemeiat \u00een Dacia. Temele abordate \u00een expozi\u021bie vizeaz\u0103: proiectarea axial\u0103 a ora\u0219ului \u0219i a teritoriului apar\u021bin\u0103tor, rolul monumentelor publice \u0219i evolu\u021bia acestora, dar \u0219i dou\u0103 dintre componentele de baz\u0103 ale civiliza\u021biei romane, reflectate prin descoperirile din <em>Colonia Dacica Sarmizegetusa <\/em>\u2013 iluminatul \u0219i aduc\u021biunea \u0219i drenarea apei.<\/p>\n<p>Prin tradi\u0163ia \u00eendelungat\u0103 \u015fi anvergura cercet\u0103rii arheologice, precum \u015fi prin impactul rezultatelor \u00een mediul \u015ftiin\u0163ific na\u0163ional \u015fi interna\u0163ional, situl s-a impus ca unul dintre cele mai bine cunoscute pe plan european. Ca o consecin\u0163\u0103 fireasc\u0103, \u00een urm\u0103 cu peste un deceniu, situl a primit statut de sit prioritar din perspectiva Ministerului Culturii. Atrac\u0163ia acestui sit asupra publicului este una cu totul aparte, de vreme ce acesta este cel mai vizitat sit arheologic din Rom\u00e2nia. Explica\u0163ia acestui fapt rezid\u0103 at\u00e2t \u00een povestea dezv\u0103luit\u0103 de ora\u015ful antic, de pozi\u0163ia \u015fi semnifica\u0163ia sa aparte, precum \u015fi de mediatizarea constant\u0103 a rezultatelor arheologice majore din ultimii ani.<\/p>\n<h2 style=\"text-align: center;\">*\u00a0 \u00a0*\u00a0 \u00a0*<\/h2>\n<p>&nbsp;<\/p>\n<p>Under the aegis of the National History Museum of Romania was published the catalogue of the exhibition <em>\u201eSarmizegetusa. The beginnings of Roman Dacia\u201d<\/em>. The bilingual volume (in Romanian and English), with 130 pages and an extensive colour illustration, provides new information abouth the recent excavations and discoveries made on the ancient site of <em>C<\/em><em>olonia Dacica Sarmizegetusa<\/em>, traditionally considered the capital of the province of Dacia.<\/p>\n<p>This first city of the province, founded by the Romans north of the Danube in AD 106, has its symbolic origin in connection with the former capital of the Dacian kingdom, after which it takes its name. It is one of the emblematic sites for the classical archeology in Romania, where ample research has been taking place for almost a century.<\/p>\n<p>In recent years, the site from Ulpia Traiana Sarmizegetusa demonstrates a major potential for becoming a vector of sustainable development for the whole area of Hateg, benefiting from a series of large-scale restoration projects in the area of Trajan\u2019s Forum and the Capitol. There is also an ongoing project aimed at building a new site museum with an important digital component.<\/p>\n<p>By organizing the exhibition <em>\u201eSarmizegetusa. The beginnings of Roman Dacia\u201d<\/em>, the National History Museum of Romanian, in cooperation with the National History Museum of Transylvania and of the Museum of Dacian and Roman Civilization, brings to the attention of the public and specialists alike scientific data and artefacts of primary importance resulting from recent archaeological excavations undertaken in this valuable ancient city, the first Roman city founded in Dacia. The themes of the exhibition focus on: the axial design of the city and its territory, the role of the public monuments and their evolution, and also two of the basic components of the Roman civilization, reflected by the discoveries in the Colonia Dacia Sarmizegetusa \u2013 lighting and water supply and drainage.<\/p>\n<p>Through its long tradition and the amplitude of the archaeological research, as well as the impact of results in the national and international scientific society, Ulpia Traiana Sarmizegetusa has become one of the best-known European sites. As a natural consequence, more than a decade ago, the site became a priority site from the perspective of the Ministry of Culture. The attraction of this site to the public is a very special one, since it is the most visited archaeological site in Romania. The explanation of this fact lays both in the story revealed by the ancient city, its position and significance, as well as in the constant mediatisation of the major archaeological results in recent years.<\/p>\n<p>&nbsp;<\/p>\n","protected":false},"excerpt":{"rendered":"<p><i id=\"yui_3_16_0_ym19_1_1503397852950_40522\">Sarmizegetusa &#8211; \u00eenceputurile Daciei romane\u00a0<\/i>\u2013 Catalog de expozi\u021bie (edi\u021bie bilingv\u0103 rom\u00e2n\u0103 \u2013 englez\u0103)<br \/>\nNr. de pagini: 139<br \/>\nAn: 2017<\/p>\n","protected":false},"featured_media":4744,"template":"","meta":[],"product_brand":[],"product_cat":[27],"product_tag":[],"class_list":{"0":"post-4745","1":"product","2":"type-product","3":"status-publish","4":"has-post-thumbnail","6":"product_cat-catalog-expozitie","8":"first","9":"instock","10":"shipping-taxable","11":"purchasable","12":"product-type-simple"},"_links":{"self":[{"href":"https:\/\/mnir.ro\/shop\/index.php\/wp-json\/wp\/v2\/product\/4745","targetHints":{"allow":["GET"]}}],"collection":[{"href":"https:\/\/mnir.ro\/shop\/index.php\/wp-json\/wp\/v2\/product"}],"about":[{"href":"https:\/\/mnir.ro\/shop\/index.php\/wp-json\/wp\/v2\/types\/product"}],"wp:featuredmedia":[{"embeddable":true,"href":"https:\/\/mnir.ro\/shop\/index.php\/wp-json\/wp\/v2\/media\/4744"}],"wp:attachment":[{"href":"https:\/\/mnir.ro\/shop\/index.php\/wp-json\/wp\/v2\/media?parent=4745"}],"wp:term":[{"taxonomy":"product_brand","embeddable":true,"href":"https:\/\/mnir.ro\/shop\/index.php\/wp-json\/wp\/v2\/product_brand?post=4745"},{"taxonomy":"product_cat","embeddable":true,"href":"https:\/\/mnir.ro\/shop\/index.php\/wp-json\/wp\/v2\/product_cat?post=4745"},{"taxonomy":"product_tag","embeddable":true,"href":"https:\/\/mnir.ro\/shop\/index.php\/wp-json\/wp\/v2\/product_tag?post=4745"}],"curies":[{"name":"wp","href":"https:\/\/api.w.org\/{rel}","templated":true}]}}